{"id":2276,"date":"2023-10-20T15:43:17","date_gmt":"2023-10-20T20:43:17","guid":{"rendered":"http:\/\/imdhd.org\/redlupa\/?page_id=2276"},"modified":"2023-10-20T16:31:49","modified_gmt":"2023-10-20T21:31:49","slug":"recomendaciones-sobre-temas-relevantes-a-la-ley-de-personas-desaparecidas-en-mexico","status":"publish","type":"page","link":"https:\/\/imdhd.org\/redlupa\/sigamos-construyendo-nuestra-red\/recomendaciones-sobre-temas-relevantes-a-la-ley-de-personas-desaparecidas-en-mexico\/","title":{"rendered":"\u00bfQuieres escribir o que escribamos sobre alg\u00fan tema?"},"content":{"rendered":"\n<div class=\"wp-block-cover alignfull\"><span aria-hidden=\"true\" class=\"wp-block-cover__background has-color-1-background-color has-background-dim-100 has-background-dim\"><\/span><div class=\"wp-block-cover__inner-container is-layout-flow wp-block-cover-is-layout-flow\">\n<div class=\"wp-block-columns alignfull is-layout-flex wp-container-core-columns-is-layout-9d6595d7 wp-block-columns-is-layout-flex\">\n<div class=\"wp-block-column is-layout-flow wp-block-column-is-layout-flow\" style=\"flex-basis:40%\">\n<h2 class=\"wp-block-heading has-extra-large-font-size\">\u00bfQuieres escribir o que escribamos sobre alg\u00fan tema?<\/h2>\n\n\n\n<p>Cu\u00e9ntanos qu\u00e9 tema consideras relevantes  actualmente sobre los temas que manejamos en la Red, para ser publicados en la secci\u00f3n <a href=\"https:\/\/imdhd.org\/redlupa\/category\/avance-de-la-ley-general-de-busqueda\/\">\u00abDe inter\u00e9s\u00bb<\/a><\/p>\n\n\n\n<p>Ya sea que quieras escribir el art\u00edculo o que lo escribamos usa el siguiente formulario.<\/p>\n\n\n\n<p><strong>*Los datos recogidos ser\u00e1n guardados de manera confidencial<\/strong><\/p>\n<\/div>\n\n\n\n<div class=\"wp-block-column is-layout-flow wp-block-column-is-layout-flow\" style=\"flex-basis:60%\">\n<iframe loading=\"lazy\" src=\"https:\/\/docs.google.com\/forms\/d\/e\/1FAIpQLSei5nIoCB6r44KS7yh3llvGD9BHYwy4L8fUUoRAR1stbie5Gg\/viewform?embedded=true\" width=\"100%\" height=\"1271\" frameborder=\"0\" marginheight=\"0\" marginwidth=\"0\">Cargando\u2026<\/iframe>\n<\/div>\n<\/div>\n<\/div><\/div>\n","protected":false},"excerpt":{"rendered":"","protected":false},"author":1,"featured_media":0,"parent":2284,"menu_order":0,"comment_status":"closed","ping_status":"closed","template":"sin-titulo.php","meta":{"_acf_changed":false,"_coblocks_attr":"","_coblocks_dimensions":"","_coblocks_responsive_height":"","_coblocks_accordion_ie_support":"","_uag_custom_page_level_css":"","footnotes":""},"class_list":["post-2276","page","type-page","status-publish","hentry","entry"],"acf":[],"yoast_head":"<!-- This site is optimized with the Yoast SEO plugin v27.4 - https:\/\/yoast.com\/product\/yoast-seo-wordpress\/ -->\n<title>\u00bfQuieres escribir o que escribamos sobre alg\u00fan tema? - Red Lupa - Evaluamos la Ley general en materia de desaparici&oacute;n forzada<\/title>\n<meta name=\"robots\" content=\"index, follow, max-snippet:-1, max-image-preview:large, max-video-preview:-1\" \/>\n<link rel=\"canonical\" href=\"https:\/\/imdhd.org\/redlupa\/sigamos-construyendo-nuestra-red\/recomendaciones-sobre-temas-relevantes-a-la-ley-de-personas-desaparecidas-en-mexico\/\" \/>\n<meta property=\"og:locale\" content=\"es_ES\" \/>\n<meta property=\"og:type\" content=\"article\" \/>\n<meta property=\"og:title\" content=\"\u00bfQuieres escribir o que escribamos sobre alg\u00fan tema? - Red Lupa - Evaluamos la Ley general en materia de desaparici&oacute;n forzada\" \/>\n<meta property=\"og:url\" content=\"https:\/\/imdhd.org\/redlupa\/sigamos-construyendo-nuestra-red\/recomendaciones-sobre-temas-relevantes-a-la-ley-de-personas-desaparecidas-en-mexico\/\" \/>\n<meta property=\"og:site_name\" content=\"Red Lupa - Evaluamos la Ley general en materia de desaparici&oacute;n forzada\" \/>\n<meta property=\"article:modified_time\" content=\"2023-10-20T21:31:49+00:00\" \/>\n<meta name=\"twitter:card\" content=\"summary_large_image\" \/>\n<meta name=\"twitter:label1\" content=\"Tiempo de lectura\" \/>\n\t<meta name=\"twitter:data1\" content=\"1 minuto\" \/>\n<script type=\"application\/ld+json\" class=\"yoast-schema-graph\">{\"@context\":\"https:\\\/\\\/schema.org\",\"@graph\":[{\"@type\":\"WebPage\",\"@id\":\"https:\\\/\\\/imdhd.org\\\/redlupa\\\/sigamos-construyendo-nuestra-red\\\/recomendaciones-sobre-temas-relevantes-a-la-ley-de-personas-desaparecidas-en-mexico\\\/\",\"url\":\"https:\\\/\\\/imdhd.org\\\/redlupa\\\/sigamos-construyendo-nuestra-red\\\/recomendaciones-sobre-temas-relevantes-a-la-ley-de-personas-desaparecidas-en-mexico\\\/\",\"name\":\"\u00bfQuieres escribir o que escribamos sobre alg\u00fan tema? - Red Lupa - Evaluamos la Ley general en materia de desaparici&oacute;n forzada\",\"isPartOf\":{\"@id\":\"https:\\\/\\\/imdhd.org\\\/redlupa\\\/#website\"},\"datePublished\":\"2023-10-20T20:43:17+00:00\",\"dateModified\":\"2023-10-20T21:31:49+00:00\",\"breadcrumb\":{\"@id\":\"https:\\\/\\\/imdhd.org\\\/redlupa\\\/sigamos-construyendo-nuestra-red\\\/recomendaciones-sobre-temas-relevantes-a-la-ley-de-personas-desaparecidas-en-mexico\\\/#breadcrumb\"},\"inLanguage\":\"es\",\"potentialAction\":[{\"@type\":\"ReadAction\",\"target\":[\"https:\\\/\\\/imdhd.org\\\/redlupa\\\/sigamos-construyendo-nuestra-red\\\/recomendaciones-sobre-temas-relevantes-a-la-ley-de-personas-desaparecidas-en-mexico\\\/\"]}]},{\"@type\":\"BreadcrumbList\",\"@id\":\"https:\\\/\\\/imdhd.org\\\/redlupa\\\/sigamos-construyendo-nuestra-red\\\/recomendaciones-sobre-temas-relevantes-a-la-ley-de-personas-desaparecidas-en-mexico\\\/#breadcrumb\",\"itemListElement\":[{\"@type\":\"ListItem\",\"position\":1,\"name\":\"Portada\",\"item\":\"https:\\\/\\\/imdhd.org\\\/redlupa\\\/\"},{\"@type\":\"ListItem\",\"position\":2,\"name\":\"Sigamos construyendo nuestra Red\",\"item\":\"https:\\\/\\\/imdhd.org\\\/redlupa\\\/sigamos-construyendo-nuestra-red\\\/\"},{\"@type\":\"ListItem\",\"position\":3,\"name\":\"\u00bfQuieres escribir o que escribamos sobre alg\u00fan tema?\"}]},{\"@type\":\"WebSite\",\"@id\":\"https:\\\/\\\/imdhd.org\\\/redlupa\\\/#website\",\"url\":\"https:\\\/\\\/imdhd.org\\\/redlupa\\\/\",\"name\":\"Red Lupa - Evaluamos la Ley general en materia de desaparici&oacute;n forzada\",\"description\":\"Seguimiento y vigilancia de la Ley general en materia de desaparici&oacute;n forzada de personas, desaparici&oacute;n cometida por particulares y del sistema nacional de b&uacute;squeda de personas\",\"publisher\":{\"@id\":\"https:\\\/\\\/imdhd.org\\\/redlupa\\\/#organization\"},\"potentialAction\":[{\"@type\":\"SearchAction\",\"target\":{\"@type\":\"EntryPoint\",\"urlTemplate\":\"https:\\\/\\\/imdhd.org\\\/redlupa\\\/?s={search_term_string}\"},\"query-input\":{\"@type\":\"PropertyValueSpecification\",\"valueRequired\":true,\"valueName\":\"search_term_string\"}}],\"inLanguage\":\"es\"},{\"@type\":\"Organization\",\"@id\":\"https:\\\/\\\/imdhd.org\\\/redlupa\\\/#organization\",\"name\":\"IMDHD\",\"url\":\"https:\\\/\\\/imdhd.org\\\/redlupa\\\/\",\"logo\":{\"@type\":\"ImageObject\",\"inLanguage\":\"es\",\"@id\":\"https:\\\/\\\/imdhd.org\\\/redlupa\\\/#\\\/schema\\\/logo\\\/image\\\/\",\"url\":\"http:\\\/\\\/imdhd.org\\\/redlupa\\\/wp-content\\\/uploads\\\/2023\\\/08\\\/logo-red-busqueda-bordes-colores.svg\",\"contentUrl\":\"http:\\\/\\\/imdhd.org\\\/redlupa\\\/wp-content\\\/uploads\\\/2023\\\/08\\\/logo-red-busqueda-bordes-colores.svg\",\"width\":1,\"height\":1,\"caption\":\"IMDHD\"},\"image\":{\"@id\":\"https:\\\/\\\/imdhd.org\\\/redlupa\\\/#\\\/schema\\\/logo\\\/image\\\/\"}}]}<\/script>\n<!-- \/ Yoast SEO plugin. -->","yoast_head_json":{"title":"\u00bfQuieres escribir o que escribamos sobre alg\u00fan tema? - Red Lupa - Evaluamos la Ley general en materia de desaparici&oacute;n forzada","robots":{"index":"index","follow":"follow","max-snippet":"max-snippet:-1","max-image-preview":"max-image-preview:large","max-video-preview":"max-video-preview:-1"},"canonical":"https:\/\/imdhd.org\/redlupa\/sigamos-construyendo-nuestra-red\/recomendaciones-sobre-temas-relevantes-a-la-ley-de-personas-desaparecidas-en-mexico\/","og_locale":"es_ES","og_type":"article","og_title":"\u00bfQuieres escribir o que escribamos sobre alg\u00fan tema? - Red Lupa - Evaluamos la Ley general en materia de desaparici&oacute;n forzada","og_url":"https:\/\/imdhd.org\/redlupa\/sigamos-construyendo-nuestra-red\/recomendaciones-sobre-temas-relevantes-a-la-ley-de-personas-desaparecidas-en-mexico\/","og_site_name":"Red Lupa - Evaluamos la Ley general en materia de desaparici&oacute;n forzada","article_modified_time":"2023-10-20T21:31:49+00:00","twitter_card":"summary_large_image","twitter_misc":{"Tiempo de lectura":"1 minuto"},"schema":{"@context":"https:\/\/schema.org","@graph":[{"@type":"WebPage","@id":"https:\/\/imdhd.org\/redlupa\/sigamos-construyendo-nuestra-red\/recomendaciones-sobre-temas-relevantes-a-la-ley-de-personas-desaparecidas-en-mexico\/","url":"https:\/\/imdhd.org\/redlupa\/sigamos-construyendo-nuestra-red\/recomendaciones-sobre-temas-relevantes-a-la-ley-de-personas-desaparecidas-en-mexico\/","name":"\u00bfQuieres escribir o que escribamos sobre alg\u00fan tema? - Red Lupa - Evaluamos la Ley general en materia de desaparici&oacute;n forzada","isPartOf":{"@id":"https:\/\/imdhd.org\/redlupa\/#website"},"datePublished":"2023-10-20T20:43:17+00:00","dateModified":"2023-10-20T21:31:49+00:00","breadcrumb":{"@id":"https:\/\/imdhd.org\/redlupa\/sigamos-construyendo-nuestra-red\/recomendaciones-sobre-temas-relevantes-a-la-ley-de-personas-desaparecidas-en-mexico\/#breadcrumb"},"inLanguage":"es","potentialAction":[{"@type":"ReadAction","target":["https:\/\/imdhd.org\/redlupa\/sigamos-construyendo-nuestra-red\/recomendaciones-sobre-temas-relevantes-a-la-ley-de-personas-desaparecidas-en-mexico\/"]}]},{"@type":"BreadcrumbList","@id":"https:\/\/imdhd.org\/redlupa\/sigamos-construyendo-nuestra-red\/recomendaciones-sobre-temas-relevantes-a-la-ley-de-personas-desaparecidas-en-mexico\/#breadcrumb","itemListElement":[{"@type":"ListItem","position":1,"name":"Portada","item":"https:\/\/imdhd.org\/redlupa\/"},{"@type":"ListItem","position":2,"name":"Sigamos construyendo nuestra Red","item":"https:\/\/imdhd.org\/redlupa\/sigamos-construyendo-nuestra-red\/"},{"@type":"ListItem","position":3,"name":"\u00bfQuieres escribir o que escribamos sobre alg\u00fan tema?"}]},{"@type":"WebSite","@id":"https:\/\/imdhd.org\/redlupa\/#website","url":"https:\/\/imdhd.org\/redlupa\/","name":"Red Lupa - Evaluamos la Ley general en materia de desaparici&oacute;n forzada","description":"Seguimiento y vigilancia de la Ley general en materia de desaparici&oacute;n forzada de personas, desaparici&oacute;n cometida por particulares y del sistema nacional de b&uacute;squeda de personas","publisher":{"@id":"https:\/\/imdhd.org\/redlupa\/#organization"},"potentialAction":[{"@type":"SearchAction","target":{"@type":"EntryPoint","urlTemplate":"https:\/\/imdhd.org\/redlupa\/?s={search_term_string}"},"query-input":{"@type":"PropertyValueSpecification","valueRequired":true,"valueName":"search_term_string"}}],"inLanguage":"es"},{"@type":"Organization","@id":"https:\/\/imdhd.org\/redlupa\/#organization","name":"IMDHD","url":"https:\/\/imdhd.org\/redlupa\/","logo":{"@type":"ImageObject","inLanguage":"es","@id":"https:\/\/imdhd.org\/redlupa\/#\/schema\/logo\/image\/","url":"http:\/\/imdhd.org\/redlupa\/wp-content\/uploads\/2023\/08\/logo-red-busqueda-bordes-colores.svg","contentUrl":"http:\/\/imdhd.org\/redlupa\/wp-content\/uploads\/2023\/08\/logo-red-busqueda-bordes-colores.svg","width":1,"height":1,"caption":"IMDHD"},"image":{"@id":"https:\/\/imdhd.org\/redlupa\/#\/schema\/logo\/image\/"}}]}},"uagb_featured_image_src":{"full":false,"thumbnail":false,"medium":false,"medium_large":false,"large":false,"1536x1536":false,"2048x2048":false,"post-thumbnail":false},"uagb_author_info":{"display_name":"admin","author_link":"https:\/\/imdhd.org\/redlupa\/author\/admin\/"},"uagb_comment_info":0,"uagb_excerpt":null,"_links":{"self":[{"href":"https:\/\/imdhd.org\/redlupa\/wp-json\/wp\/v2\/pages\/2276","targetHints":{"allow":["GET"]}}],"collection":[{"href":"https:\/\/imdhd.org\/redlupa\/wp-json\/wp\/v2\/pages"}],"about":[{"href":"https:\/\/imdhd.org\/redlupa\/wp-json\/wp\/v2\/types\/page"}],"author":[{"embeddable":true,"href":"https:\/\/imdhd.org\/redlupa\/wp-json\/wp\/v2\/users\/1"}],"replies":[{"embeddable":true,"href":"https:\/\/imdhd.org\/redlupa\/wp-json\/wp\/v2\/comments?post=2276"}],"version-history":[{"count":4,"href":"https:\/\/imdhd.org\/redlupa\/wp-json\/wp\/v2\/pages\/2276\/revisions"}],"predecessor-version":[{"id":2282,"href":"https:\/\/imdhd.org\/redlupa\/wp-json\/wp\/v2\/pages\/2276\/revisions\/2282"}],"up":[{"embeddable":true,"href":"https:\/\/imdhd.org\/redlupa\/wp-json\/wp\/v2\/pages\/2284"}],"wp:attachment":[{"href":"https:\/\/imdhd.org\/redlupa\/wp-json\/wp\/v2\/media?parent=2276"}],"curies":[{"name":"wp","href":"https:\/\/api.w.org\/{rel}","templated":true}]}}